{"id":11,"date":"2021-01-21T15:43:13","date_gmt":"2021-01-21T15:43:13","guid":{"rendered":"https:\/\/vorlage-wordpress.srv09.danubeweb.at\/?page_id=11"},"modified":"2022-09-30T23:53:14","modified_gmt":"2022-09-30T22:53:14","slug":"startseite","status":"publish","type":"page","link":"https:\/\/holzwebseite.at\/","title":{"rendered":"Startseite"},"content":{"rendered":"\n<h1>\n\t\tDanke f\u00fcr Ihr Interesse an meinem Erstlingswerk\n\t<\/h1>\n\t<p>(Wenn man bis zuletzt schraubt, bleibt leider keine Zeit f\u00fcr einen guten Webauftritt \ud83d\ude42<\/p>\n\t\t\t\t<img loading=\"lazy\" src=\"https:\/\/holzwebseite.at\/wp-content\/uploads\/2022\/09\/ich-1.jpeg\" alt=\"ich\" itemprop=\"image\" height=\"1280\" width=\"1536\" title=\"ich\" onerror=\"this.style.display='none'\"  \/>\n\t<p>Ich komme eigentlich aus der digitalen Welt der Webentwicklung. Wenn aber ein guter Freund fragt : &#8222;K\u00f6nntest du ein Messem\u00f6bel bauen?&#8220; h\u00f6rt man im Kopf nur &#8222;Holzwebseite&#8220; wird von Ehrgeiz und Neugierde gepackt und sagt zu.<\/p>\n<p>Auch wenn es ein unerwartet gro\u00dfer Aufwand war, hat alles eine unglaubliche Freude gemacht. Es war sch\u00f6n zu sehen wie eine Idee einmal in der realen Welt Gestalt annimmt.<\/p>\n<p>Und da ich jetzt auf den Geschmack gekommen bin, w\u00e4chst schon die Neugierde auf ein neues Projekt \ud83d\ude42<\/p>\n<p>Bei Interesse w\u00fcrde ich mich sehr \u00fcber eine E-Mail freuen : <a href=\"mailto:alex@danubeweb.at\">alex@danubeweb.at<\/a><\/p>\n<p>&nbsp;<\/p>\n<h3>\n\t\tDie Entstehungsgeschichte.\n\t<\/h3>\n\t<p>(Wenn man ein Projekt beendet hat, k\u00f6nnte man ein Buch dar\u00fcber schreiben)<\/p>\n\t<meta itemprop=\"url\" content=\"https:\/\/holzwebseite.at\/wp-content\/uploads\/2022\/09\/holzcnc.mp4\" \/><div style=\"width: 640px;\" class=\"wp-video\"><!--[if lt IE 9]><script>document.createElement('video');<\/script><![endif]-->\n<video class=\"wp-video-shortcode\" id=\"video-11-1\" width=\"640\" height=\"360\" preload=\"metadata\" controls=\"controls\"><source type=\"video\/mp4\" src=\"https:\/\/holzwebseite.at\/wp-content\/uploads\/2022\/09\/holzcnc.mp4?_=1\" \/><a href=\"https:\/\/holzwebseite.at\/wp-content\/uploads\/2022\/09\/holzcnc.mp4\">https:\/\/holzwebseite.at\/wp-content\/uploads\/2022\/09\/holzcnc.mp4<\/a><\/video><\/div>\n\t<meta itemprop=\"url\" content=\"https:\/\/holzwebseite.at\/wp-content\/uploads\/2022\/09\/metalllaser-1.mp4\" \/><div style=\"width: 640px;\" class=\"wp-video\"><video class=\"wp-video-shortcode\" id=\"video-11-2\" width=\"640\" height=\"360\" preload=\"metadata\" controls=\"controls\"><source type=\"video\/mp4\" src=\"https:\/\/holzwebseite.at\/wp-content\/uploads\/2022\/09\/metalllaser-1.mp4?_=2\" \/><a href=\"https:\/\/holzwebseite.at\/wp-content\/uploads\/2022\/09\/metalllaser-1.mp4\">https:\/\/holzwebseite.at\/wp-content\/uploads\/2022\/09\/metalllaser-1.mp4<\/a><\/video><\/div>\n\t<meta itemprop=\"url\" content=\"https:\/\/holzwebseite.at\/wp-content\/uploads\/2022\/09\/20220928_105440.mp4\" \/><div style=\"width: 640px;\" class=\"wp-video\"><video class=\"wp-video-shortcode\" id=\"video-11-3\" width=\"640\" height=\"360\" preload=\"metadata\" controls=\"controls\"><source type=\"video\/mp4\" src=\"https:\/\/holzwebseite.at\/wp-content\/uploads\/2022\/09\/20220928_105440.mp4?_=3\" \/><a href=\"https:\/\/holzwebseite.at\/wp-content\/uploads\/2022\/09\/20220928_105440.mp4\">https:\/\/holzwebseite.at\/wp-content\/uploads\/2022\/09\/20220928_105440.mp4<\/a><\/video><\/div>\n\t<meta itemprop=\"url\" content=\"https:\/\/holzwebseite.at\/wp-content\/uploads\/2022\/09\/20220920_195357.mp4\" \/><div style=\"width: 640px;\" class=\"wp-video\"><video class=\"wp-video-shortcode\" id=\"video-11-4\" width=\"640\" height=\"360\" preload=\"metadata\" controls=\"controls\"><source type=\"video\/mp4\" src=\"https:\/\/holzwebseite.at\/wp-content\/uploads\/2022\/09\/20220920_195357.mp4?_=4\" \/><a href=\"https:\/\/holzwebseite.at\/wp-content\/uploads\/2022\/09\/20220920_195357.mp4\">https:\/\/holzwebseite.at\/wp-content\/uploads\/2022\/09\/20220920_195357.mp4<\/a><\/video><\/div>\n\t<meta itemprop=\"url\" content=\"https:\/\/holzwebseite.at\/wp-content\/uploads\/2022\/09\/20220920_211919.mp4\" \/><div style=\"width: 640px;\" class=\"wp-video\"><video class=\"wp-video-shortcode\" id=\"video-11-5\" width=\"640\" height=\"360\" preload=\"metadata\" controls=\"controls\"><source type=\"video\/mp4\" src=\"https:\/\/holzwebseite.at\/wp-content\/uploads\/2022\/09\/20220920_211919.mp4?_=5\" \/><a href=\"https:\/\/holzwebseite.at\/wp-content\/uploads\/2022\/09\/20220920_211919.mp4\">https:\/\/holzwebseite.at\/wp-content\/uploads\/2022\/09\/20220920_211919.mp4<\/a><\/video><\/div>\n\t<meta itemprop=\"url\" content=\"https:\/\/holzwebseite.at\/wp-content\/uploads\/2022\/09\/20220928_172010.mp4\" \/><div style=\"width: 640px;\" class=\"wp-video\"><video class=\"wp-video-shortcode\" id=\"video-11-6\" width=\"640\" height=\"360\" preload=\"metadata\" controls=\"controls\"><source type=\"video\/mp4\" src=\"https:\/\/holzwebseite.at\/wp-content\/uploads\/2022\/09\/20220928_172010.mp4?_=6\" \/><a href=\"https:\/\/holzwebseite.at\/wp-content\/uploads\/2022\/09\/20220928_172010.mp4\">https:\/\/holzwebseite.at\/wp-content\/uploads\/2022\/09\/20220928_172010.mp4<\/a><\/video><\/div>\n\n","protected":false},"excerpt":{"rendered":"<p>Danke f\u00fcr Ihr Interesse an meinem Erstlingswerk (Wenn man bis zuletzt schraubt, bleibt leider keine Zeit f\u00fcr einen guten Webauftritt \ud83d\ude42 Ich komme eigentlich aus der digitalen Welt der Webentwicklung. Wenn aber ein guter Freund fragt : &#8222;K\u00f6nntest du ein Messem\u00f6bel bauen?&#8220; h\u00f6rt man im Kopf nur &#8222;Holzwebseite&#8220; wird von Ehrgeiz und Neugierde gepackt und&hellip;<\/p>\n","protected":false},"author":1,"featured_media":0,"parent":0,"menu_order":0,"comment_status":"closed","ping_status":"closed","template":"","meta":[],"acf":[],"_links":{"self":[{"href":"https:\/\/holzwebseite.at\/index.php?rest_route=\/wp\/v2\/pages\/11"}],"collection":[{"href":"https:\/\/holzwebseite.at\/index.php?rest_route=\/wp\/v2\/pages"}],"about":[{"href":"https:\/\/holzwebseite.at\/index.php?rest_route=\/wp\/v2\/types\/page"}],"author":[{"embeddable":true,"href":"https:\/\/holzwebseite.at\/index.php?rest_route=\/wp\/v2\/users\/1"}],"replies":[{"embeddable":true,"href":"https:\/\/holzwebseite.at\/index.php?rest_route=%2Fwp%2Fv2%2Fcomments&post=11"}],"version-history":[{"count":22,"href":"https:\/\/holzwebseite.at\/index.php?rest_route=\/wp\/v2\/pages\/11\/revisions"}],"predecessor-version":[{"id":104,"href":"https:\/\/holzwebseite.at\/index.php?rest_route=\/wp\/v2\/pages\/11\/revisions\/104"}],"wp:attachment":[{"href":"https:\/\/holzwebseite.at\/index.php?rest_route=%2Fwp%2Fv2%2Fmedia&parent=11"}],"curies":[{"name":"wp","href":"https:\/\/api.w.org\/{rel}","templated":true}]}}

<h1>
		Danke für Ihr Interesse an meinem Erstlingswerk
	</h1>
	<p>(Wenn man bis zuletzt schraubt, bleibt leider keine Zeit für einen guten Webauftritt 🙂</p>
				<img loading="lazy" src="https://holzwebseite.at/wp-content/uploads/2022/09/ich-1.jpeg" alt="ich" itemprop="image" height="1280" width="1536" title="ich" onerror="this.style.display='none'"  />
	<p>Ich komme eigentlich aus der digitalen Welt der Webentwicklung. Wenn aber ein guter Freund fragt : &#8222;Könntest du ein Messemöbel bauen?&#8220; hört man im Kopf nur &#8222;Holzwebseite&#8220; wird von Ehrgeiz und Neugierde gepackt und sagt zu.</p>
<p>Auch wenn es ein unerwartet großer Aufwand war, hat alles eine unglaubliche Freude gemacht. Es war schön zu sehen wie eine Idee einmal in der realen Welt Gestalt annimmt.</p>
<p>Und da ich jetzt auf den Geschmack gekommen bin, wächst schon die Neugierde auf ein neues Projekt 🙂</p>
<p>Bei Interesse würde ich mich sehr über eine E-Mail freuen : <a href="mailto:alex@danubeweb.at">alex@danubeweb.at</a></p>
<p>&nbsp;</p>
<h3>
		Die Entstehungsgeschichte.
	</h3>
	<p>(Wenn man ein Projekt beendet hat, könnte man ein Buch darüber schreiben)</p>
	<meta itemprop="url" content="https://holzwebseite.at/wp-content/uploads/2022/09/holzcnc.mp4" /><div style="width: 640px;" class="wp-video"><!--[if lt IE 9]><script>document.createElement('video');</script><![endif]-->
<video class="wp-video-shortcode" id="video-11-1" width="640" height="360" preload="metadata" controls="controls"><source type="video/mp4" src="https://holzwebseite.at/wp-content/uploads/2022/09/holzcnc.mp4?_=1" /><a href="https://holzwebseite.at/wp-content/uploads/2022/09/holzcnc.mp4">https://holzwebseite.at/wp-content/uploads/2022/09/holzcnc.mp4</a></video></div>
	<meta itemprop="url" content="https://holzwebseite.at/wp-content/uploads/2022/09/metalllaser-1.mp4" /><div style="width: 640px;" class="wp-video"><video class="wp-video-shortcode" id="video-11-2" width="640" height="360" preload="metadata" controls="controls"><source type="video/mp4" src="https://holzwebseite.at/wp-content/uploads/2022/09/metalllaser-1.mp4?_=2" /><a href="https://holzwebseite.at/wp-content/uploads/2022/09/metalllaser-1.mp4">https://holzwebseite.at/wp-content/uploads/2022/09/metalllaser-1.mp4</a></video></div>
	<meta itemprop="url" content="https://holzwebseite.at/wp-content/uploads/2022/09/20220928_105440.mp4" /><div style="width: 640px;" class="wp-video"><video class="wp-video-shortcode" id="video-11-3" width="640" height="360" preload="metadata" controls="controls"><source type="video/mp4" src="https://holzwebseite.at/wp-content/uploads/2022/09/20220928_105440.mp4?_=3" /><a href="https://holzwebseite.at/wp-content/uploads/2022/09/20220928_105440.mp4">https://holzwebseite.at/wp-content/uploads/2022/09/20220928_105440.mp4</a></video></div>
	<meta itemprop="url" content="https://holzwebseite.at/wp-content/uploads/2022/09/20220920_195357.mp4" /><div style="width: 640px;" class="wp-video"><video class="wp-video-shortcode" id="video-11-4" width="640" height="360" preload="metadata" controls="controls"><source type="video/mp4" src="https://holzwebseite.at/wp-content/uploads/2022/09/20220920_195357.mp4?_=4" /><a href="https://holzwebseite.at/wp-content/uploads/2022/09/20220920_195357.mp4">https://holzwebseite.at/wp-content/uploads/2022/09/20220920_195357.mp4</a></video></div>
	<meta itemprop="url" content="https://holzwebseite.at/wp-content/uploads/2022/09/20220920_211919.mp4" /><div style="width: 640px;" class="wp-video"><video class="wp-video-shortcode" id="video-11-5" width="640" height="360" preload="metadata" controls="controls"><source type="video/mp4" src="https://holzwebseite.at/wp-content/uploads/2022/09/20220920_211919.mp4?_=5" /><a href="https://holzwebseite.at/wp-content/uploads/2022/09/20220920_211919.mp4">https://holzwebseite.at/wp-content/uploads/2022/09/20220920_211919.mp4</a></video></div>
	<meta itemprop="url" content="https://holzwebseite.at/wp-content/uploads/2022/09/20220928_172010.mp4" /><div style="width: 640px;" class="wp-video"><video class="wp-video-shortcode" id="video-11-6" width="640" height="360" preload="metadata" controls="controls"><source type="video/mp4" src="https://holzwebseite.at/wp-content/uploads/2022/09/20220928_172010.mp4?_=6" /><a href="https://holzwebseite.at/wp-content/uploads/2022/09/20220928_172010.mp4">https://holzwebseite.at/wp-content/uploads/2022/09/20220928_172010.mp4</a></video></div>

<p>Danke für Ihr Interesse an meinem Erstlingswerk (Wenn man bis zuletzt schraubt, bleibt leider keine Zeit für einen guten Webauftritt 🙂 Ich komme eigentlich aus der digitalen Welt der Webentwicklung. Wenn aber ein guter Freund fragt : &#8222;Könntest du ein Messemöbel bauen?&#8220; hört man im Kopf nur &#8222;Holzwebseite&#8220; wird von Ehrgeiz und Neugierde gepackt und&hellip;</p>
